ist the prime factors of y.
1831
Let q(z) = z**2 - z + 11. Let g be q(-8). Let k = 149 - g. What are the prime factors of k?
2, 3, 11
Let p(v) = -v**3 - 12*v**2 - 2*v - 5. Let s = -16 - -40. Let c be s/(-9)*18/4. List the prime factors of p(c).
19
Suppose 3*j + 4*o - 1919 = -0*j, -j + 629 = 4*o. List the prime factors of j.
3, 5, 43
Let p(j) = -9*j - 33. Let x be 17/(((-1)/(-2))/((-1)/2)). List the prime factors of p(x).
2, 3, 5
Suppose 0*c - 107 = -5*a + c, -2*a - 2*c = -50. Suppose -u = -a - 12. List the prime factors of u.
2, 17
Suppose 425 = 3*p - f, 43*f - 41*f = 4*p - 564. What are the prime factors of p?
11, 13
Suppose -4*k = 4*v - 4027 - 13109, -25701 = -6*v - 5*k. What are the prime factors of v?
3, 1427
Let f = -92 - -27. Let q = f + 108. What are the prime factors of q?
43
Suppose 8*l - 2*l = -42. What are the prime factors of ((-212)/(-8))/(l/(-14))?
53
Let o(w) = 41*w + 1 - 3 - 4. List the prime factors of o(2).
2, 19
Let q be (-1)/2*-4*2. Suppose -620 = -9*b + q*b. List the prime factors of b.
2, 31
Let t be -13 - (1 - (-2 + 2)). Let l = t - -16. List the prime factors of (-18 - -4)*(l + -4).
2, 7
Let s(v) = v + 13. Let g be s(-13). Suppose z - 4 = g, 4*l + 2*z - 1060 = -3*z. What are the prime factors of l?
2, 5, 13
Suppose -27*k = -24502 + 4090. What are the prime factors of k?
2, 3, 7
Suppose 3*b - w + 80 = 7*b, 5*b + 5*w = 100. List the prime factors of b + 0*4/12.
2, 5
Let k = -217 - -342. Let t = k - 89. What are the prime factors of t?
2, 3
Suppose -6*n + 52 = -1478. Let c = -175 + n. What are the prime factors of c?
2, 5
Suppose 2*m - 53 = 3*s, -4*m + 21 = -2*s - 65. Let y = m - 27. List the prime factors of (-118)/y - 1/(-4).
3, 5
Let q(z) = -z**2 + 6*z - 3. Let i be q(5). Suppose i*v + 54 = v. Let m = 101 + v. What are the prime factors of m?
47
Let b = -49 + 764. Let p = b - 476. What are the prime factors of p?
239
Let c be 4/14 + (-52)/(-14). Suppose 4*v - 2 - 2 = 0, 5*m = -c*v + 239. Suppose -3*a - 5*s + 63 = -2*a, s - m = -a. List the prime factors of a.
43
Let z(w) = -w**3 - 16*w**2 - 20*w - 34. Suppose -20 = 2*c + 2*d, -2*d = -3*c + d - 60. What are the prime factors of z(c)?
41
Let o = 570 + -344. Let y = o - 106. List the prime factors of y.
2, 3, 5
Let v = -65 - -109. Suppose -2*g - 28 = -v. List the prime factors of g.
2
Let g = 338 - -398. List the prime factors of g.
2, 23
Let d = 17 - 15. List the prime factors of 12/d - 16/(-4).
2, 5
Let x(k) = 6*k**3 + 2*k**2 + 3*k + 10. What are the prime factors of x(8)?
2, 3, 7, 11
List the prime factors of -7 - (6 - 6 - 675).
2, 167
Let r(p) = p**3 + 4*p**2 - 4*p - 6. Let t be r(-4). Let y = 11 - t. List the prime factors of 68*(y - (-6)/(-8)).
17
List the prime factors of ((-6030)/(-120))/(6/40).
5, 67
Let l = -11 - -13. Suppose k = l*k - 115. Suppose k = 3*y + 2*y. List the prime factors of y.
23
Let q be (-4 + 0 + 4)/(-1). Suppose 2*l - 3 - 81 = q. What are the prime factors of l?
2, 3, 7
Let d = -3 - 1. Let q be d + 0 + 2 + 0. List the prime factors of (-64 + 10)*1/q.
3
Let b(x) = 5*x - 39. Let g(l) = -l. Let z(o) = -b(o) - 4*g(o). Let r = 12 - 12. List the prime factors of z(r).
3, 13
Let q = 819 - 753. What are the prime factors of q?
2, 3, 11
Let s(a) be the first derivative of a**3/3 + 3*a**2/2 - 7*a + 1. Let l be s(-5). Suppose -4*y + 32 = -4*o, 2*y - 4*o + l = 13. What are the prime factors of y?
11
Suppose 0 = -5*q + q - 2212. Let k be q/14*2*-1. Suppose 3*m - k = n, -2*n - 115 = -5*m + 15. What are the prime factors of m?
2, 7
Let a be (-6705)/(-75) - (-2)/(-5). Suppose a = 3*u - 388. Suppose 4*k - 13 = u. What are the prime factors of k?
43
Let x = 14 - 8. Suppose 2*q - 8 = -2*d, 2*d + 5*q - 2 = x. Suppose 36 = 3*k - d*n, 0 = -6*n + n - 15. List the prime factors of k.
2
Let i be 1*(0 - 3) + (14 - 2). List the prime factors of -1 - i/((-36)/616).
3, 17
Let v be 3/(-1) - (-3 + -11). Suppose 0*t = v*t - 2255. What are the prime factors of t?
5, 41
Suppose 37*o - 35*o - 462 = 0. Suppose y + 2*y - 249 = i, 3*y + 5*i - o = 0. What are the prime factors of y?
2, 41
Suppose 16790 + 25338 = 8*v. What are the prime factors of v?
2, 2633
Let z = -16 + 65. Let w be 139/(-6) - (-22)/132. Let y = w + z. What are the prime factors of y?
2, 13
Suppose -4*i + 55 = a + 4*a, i + 5 = 0. Let w be 4/10 + (-6)/a. Suppose -5*p + 95 = -w*p. What are the prime factors of p?
19
Suppose -4*h = 3*j + 2*j - 10, 4 = 2*j + 2*h. Suppose m + 4*n - 4 = -m, m = n + j. Let k = 17 - m. What are the prime factors of k?
3, 5
Let h(b) = 13*b**2 - b**3 + 7*b**3 + 2 + 16*b - 5*b**3. List the prime factors of h(-11).
2, 17
Let w = 20 - 20. Let m = 2 + w. Suppose 4*b - 3*c = 171, -2*b - b - m*c + 107 = 0. What are the prime factors of b?
3, 13
List the prime factors of 6 - 2 - -313 - 4.
313
Let b(h) = -268*h - 20. List the prime factors of b(-5).
2, 3, 5, 11
Let z be (3/(-6))/((-2)/4). Suppose p + 4*r - 4 = 4, -p + 5*r - z = 0. Suppose -p*o = -38 - 42. What are the prime factors of o?
2, 5
Suppose -2*k + 304 + 856 = 0. What are the prime factors of k?
2, 5, 29
Suppose -17*q = -11868 + 512. What are the prime factors of q?
2, 167
Let k = -523 - -861. What are the prime factors of k?
2, 13
Suppose -17 = -t - 4*c, 0 = -3*t - 2*t - 2*c + 31. Suppose f + 3*a = 2*f, 0 = -t*a + 5. Let u(n) = n**3 + 2*n**2 - 5*n + 3. List the prime factors of u(f).
3, 11
Suppose 0 = -39*o + 43*o + 20, m = 2*o + 3436. List the prime factors of m.
2, 3, 571
Let u(y) = -y**3 - y**2 - 1. Suppose 2*w - 2 = 10. Let s(t) = 7*t**3 - 9*t**2 + 16*t - 3. Let d(c) = w*u(c) + s(c). List the prime factors of d(14).
19
Let u(v) = 7*v**2 + 175*v + 3. Let l be u(-25). Let c(i) = i**2 - 2*i - 1. Let a be c(-1). Suppose 0 = -l*g - a + 143. List the prime factors of g.
47
Suppose 57 = 3*q - 15. Suppose -14*m + 13*m + q = 0. What are the prime factors of m?
2, 3
Suppose -l = -6*l + 15. Let t(d) = d**3 + d**2 - 2*d + 2. Let z(p) = -p**3. Let q(f) = -t(f) - 2*z(f). What are the prime factors of q(l)?
2, 11
Let n(s) = 8*s. Let u be n(3). Suppose 24 = 6*f - u. What are the prime factors of f?
2
Let j(n) = n**2 + 13*n - 15. Let q be j(-15). Let m = 43 - q. What are the prime factors of m?
2, 7
Suppose -y - 4*y + 5*u + 2655 = 0, -3*y - u = -1585. Suppose -4*l = -a - y, 4*l - 3*a + 0*a - 531 = 0. List the prime factors of l.
2, 3, 11
Suppose 7*j = 6*j - 5. List the prime factors of j - (-3)/3 - -49.
3, 5
Let t be (-7)/(140/(-8))*5. Suppose 0 = -2*y + 8 + t. Suppose -u - y*d + 7 = -19, 2*d = -4. List the prime factors of u.
2, 3
Suppose -5*l = -5*i + 9 + 1, -16 = -4*i. Suppose 0 = -4*a - 12, -2*a = l*f + a - 11. Let m = f - -1. List the prime factors of m.
11
Let m = -16 + 21. Suppose -m*p - 464 - 550 = -4*v, -4*v - 5*p + 1034 = 0. What are the prime factors of v?
2
Let u(z) = 9*z**2 - 6*z + 12. Let j be u(-6). Suppose 2*b + j = 4*s + 3*b, 284 = 3*s + 2*b. What are the prime factors of s?
2, 23
Let w(d) = 8*d - 22. Let o be w(9). Let b = o + -37. List the prime factors of b.
13
What are the prime factors of (-140)/6*(-1320)/140?
2, 5, 11
Let q(t) = 2*t + 14. Let f be q(-7). Suppose 3*c + 4*g - 3 = 0, f = -3*c - 2*g + 1 + 2. What are the prime factors of ((-87)/3)/(c - 2)?
29
Let f be -317*3*-1*(-3)/(-9). Let m = -219 + f. What are the prime factors of m?
2, 7
Suppose r = -4*n + 2*n, -8 = 2*n + 3*r. Suppose -5*v + n*v = 24. Let s(b) = -b + 1. What are the prime factors of s(v)?
3
Suppose 140 = -7*i - 161. List the prime factors of 3 + 2/((-2)/i).
2, 23
Let n(r) be the second derivative of r**5/20 + 3*r**4/4 + r**3/6 + 11*r**2/2 - 3*r. Let x be n(-9). Suppose x*h - 93 = -h. What are the prime factors of h?
31
Suppose 0 = -4*k - 5*f - 25, -k = -2*f - 0*f + 16. List the prime factors of 317/5 - (-4)/k.
3, 7
Let g = -540 - -1183. What are the prime factors of g?
643
List the prime factors of (-30654)/(-5 - 4) + 9.
5, 683
Let i(j) = -2*j - 4. Let n be i(-6). Suppose 3*m - 1 - 5 = -k, 4*m - 5*k - n = 0. What are the prime factors of (-65)/(-3) + m/(-3)?
3, 7
Let g(m) = 272*m**2 - 3*m + 28. What are the prime factors of g(-4)?
2, 3, 61
Let f(b) = b**3 - 11*b**2 - 14*b - 15. Let d be f(12). Let g be (d + 6)*1/(-1). Suppose 0 = -5*j + 2*j + g. What are the prime factors of j?
11
Let r(l) = -l**3 + 2*l**2 + 2. Let o be r(2). Suppose 237 = -s - o*s. What ar